{"id":84,"date":"2021-06-15T09:29:18","date_gmt":"2021-06-15T07:29:18","guid":{"rendered":"http:\/\/192.168.166.254\/ns\/?page_id=84"},"modified":"2021-07-26T15:41:53","modified_gmt":"2021-07-26T13:41:53","slug":"trattamento-pavimento-in-resina-o-pvc","status":"publish","type":"page","link":"https:\/\/pulizieuffici.biz\/index.php\/trattamento-pavimento-in-resina-o-pvc\/","title":{"rendered":"TRATTAMENTO PAVIMENTO IN RESINA O PVC"},"content":{"rendered":"\n<div class=\"wp-block-group mycontainer ombra\"><div class=\"wp-block-group__inner-container is-layout-flow wp-block-group-is-layout-flow\">\n<div class=\"wp-block-group\"><div class=\"wp-block-group__inner-container is-layout-flow wp-block-group-is-layout-flow\">\n<p>Trattamento delle superfici sintetiche<\/p>\n\n\n\n<p>Quello che poche persone sanno, \u00e8 che alcuni materiali di cui sono composti i pavimenti dei nostri immobili sono rinnovabili; cosa vuol dire, che con la dovuta accortezza, gli strumenti adeguati, i prodotti idonei \u00e8 possibile riportare la superficie alle condizioni ottimali&nbsp;se non addirittura pari al nuovo.<\/p>\n\n\n\n<p>La nostra capacit\u00e0 \u00e8 quella di valutare insieme al cliente l&#8217;opportunit\u00e0, i modi, i tempi e soprattutto i costi.<\/p>\n\n\n\n<p>I risultati di un&#8217;operazione ben fatta, lasciano il cliente sempre senza parole e i nostri agenti orgogliosi del loro ruolo.<\/p>\n\n\n\n<div class=\"wp-block-columns is-style-twentytwentyone-columns-overlap is-layout-flex wp-container-core-columns-is-layout-9d6595d7 wp-block-columns-is-layout-flex\">\n<div class=\"wp-block-column is-layout-flow wp-block-column-is-layout-flow\">\n<figure class=\"wp-block-image size-large\"><img decoding=\"async\" src=\"https:\/\/pulizieuffici.biz\/img\/pegaso_linoleum1.jpg\" alt=\"\"\/><figcaption>Questo \u00e8 il pavimento in linoleum di una palestra, \u00e8 stato&nbsp;preparato lavandolo&nbsp;con l&#8217;aiuto&nbsp;di macchinari per grandi superfici<\/figcaption><\/figure>\n\n\n\n<p><\/p>\n<\/div>\n\n\n\n<div class=\"wp-block-column is-layout-flow wp-block-column-is-layout-flow\">\n<figure class=\"wp-block-image size-large\"><img decoding=\"async\" src=\"https:\/\/pulizieuffici.biz\/img\/pegaso_linoleum2.jpg\" alt=\"\"\/><figcaption>Questo \u00e8 il risultato dopo il nostro intervento di protezione della superficie con 2 mani incrociate di polimeri ad alta reticolazione resistenti al traffico.<\/figcaption><\/figure>\n<\/div>\n<\/div>\n<\/div><\/div>\n<\/div><\/div>\n","protected":false},"excerpt":{"rendered":"<p>Trattamento delle superfici sintetiche Quello che poche persone sanno, \u00e8 che alcuni materiali di cui sono composti i pavimenti dei nostri immobili sono rinnovabili; cosa vuol dire, che con la dovuta accortezza, gli strumenti adeguati, i prodotti idonei \u00e8 possibile riportare la superficie alle condizioni ottimali&nbsp;se non addirittura pari al nuovo. La nostra capacit\u00e0 \u00e8 [&hellip;]<\/p>\n","protected":false},"author":1,"featured_media":0,"parent":0,"menu_order":0,"comment_status":"closed","ping_status":"closed","template":"","meta":{"footnotes":""},"class_list":["post-84","page","type-page","status-publish","hentry"],"yoast_head":"<!-- This site is optimized with the Yoast SEO plugin v17.9 - https:\/\/yoast.com\/wordpress\/plugins\/seo\/ -->\n<title>TRATTAMENTO PAVIMENTO IN RESINA O PVC &#8902; Pegaso S.R.L<\/title>\n<meta name=\"robots\" content=\"index, follow, max-snippet:-1, max-image-preview:large, max-video-preview:-1\" \/>\n<link rel=\"canonical\" href=\"https:\/\/pulizieuffici.biz\/index.php\/trattamento-pavimento-in-resina-o-pvc\/\" \/>\n<meta property=\"og:locale\" content=\"it_IT\" \/>\n<meta property=\"og:type\" content=\"article\" \/>\n<meta property=\"og:title\" content=\"TRATTAMENTO PAVIMENTO IN RESINA O PVC &#8902; Pegaso S.R.L\" \/>\n<meta property=\"og:description\" content=\"Trattamento delle superfici sintetiche Quello che poche persone sanno, \u00e8 che alcuni materiali di cui sono composti i pavimenti dei nostri immobili sono rinnovabili; cosa vuol dire, che con la dovuta accortezza, gli strumenti adeguati, i prodotti idonei \u00e8 possibile riportare la superficie alle condizioni ottimali&nbsp;se non addirittura pari al nuovo. La nostra capacit\u00e0 \u00e8 [&hellip;]\" \/>\n<meta property=\"og:url\" content=\"https:\/\/pulizieuffici.biz\/index.php\/trattamento-pavimento-in-resina-o-pvc\/\" \/>\n<meta property=\"og:site_name\" content=\"Pegaso S.R.L\" \/>\n<meta property=\"article:publisher\" content=\"https:\/\/www.facebook.com\/pegason.it\" \/>\n<meta property=\"article:modified_time\" content=\"2021-07-26T13:41:53+00:00\" \/>\n<meta property=\"og:image\" content=\"https:\/\/pulizieuffici.biz\/img\/pegaso_linoleum1.jpg\" \/>\n<meta name=\"twitter:card\" content=\"summary_large_image\" \/>\n<meta name=\"twitter:label1\" content=\"Tempo di lettura stimato\" \/>\n\t<meta name=\"twitter:data1\" content=\"1 minuto\" \/>\n<script type=\"application\/ld+json\" class=\"yoast-schema-graph\">{\"@context\":\"https:\/\/schema.org\",\"@graph\":[{\"@type\":\"Organization\",\"@id\":\"https:\/\/pulizieuffici.biz\/#organization\",\"name\":\"Pegaso srl\",\"url\":\"https:\/\/pulizieuffici.biz\/\",\"sameAs\":[\"https:\/\/www.facebook.com\/pegason.it\"],\"logo\":{\"@type\":\"ImageObject\",\"@id\":\"https:\/\/pulizieuffici.biz\/#logo\",\"inLanguage\":\"it-IT\",\"url\":\"https:\/\/pulizieuffici.biz\/wp-content\/uploads\/2021\/08\/logo3.png\",\"contentUrl\":\"https:\/\/pulizieuffici.biz\/wp-content\/uploads\/2021\/08\/logo3.png\",\"width\":200,\"height\":200,\"caption\":\"Pegaso srl\"},\"image\":{\"@id\":\"https:\/\/pulizieuffici.biz\/#logo\"}},{\"@type\":\"WebSite\",\"@id\":\"https:\/\/pulizieuffici.biz\/#website\",\"url\":\"https:\/\/pulizieuffici.biz\/\",\"name\":\"Pegaso S.R.L\",\"description\":\"Il mito del pulito!\",\"publisher\":{\"@id\":\"https:\/\/pulizieuffici.biz\/#organization\"},\"potentialAction\":[{\"@type\":\"SearchAction\",\"target\":{\"@type\":\"EntryPoint\",\"urlTemplate\":\"https:\/\/pulizieuffici.biz\/?s={search_term_string}\"},\"query-input\":\"required name=search_term_string\"}],\"inLanguage\":\"it-IT\"},{\"@type\":\"ImageObject\",\"@id\":\"https:\/\/pulizieuffici.biz\/index.php\/trattamento-pavimento-in-resina-o-pvc\/#primaryimage\",\"inLanguage\":\"it-IT\",\"url\":\"https:\/\/pulizieuffici.biz\/img\/pegaso_linoleum1.jpg\",\"contentUrl\":\"https:\/\/pulizieuffici.biz\/img\/pegaso_linoleum1.jpg\"},{\"@type\":\"WebPage\",\"@id\":\"https:\/\/pulizieuffici.biz\/index.php\/trattamento-pavimento-in-resina-o-pvc\/#webpage\",\"url\":\"https:\/\/pulizieuffici.biz\/index.php\/trattamento-pavimento-in-resina-o-pvc\/\",\"name\":\"TRATTAMENTO PAVIMENTO IN RESINA O PVC &#8902; Pegaso S.R.L\",\"isPartOf\":{\"@id\":\"https:\/\/pulizieuffici.biz\/#website\"},\"primaryImageOfPage\":{\"@id\":\"https:\/\/pulizieuffici.biz\/index.php\/trattamento-pavimento-in-resina-o-pvc\/#primaryimage\"},\"datePublished\":\"2021-06-15T07:29:18+00:00\",\"dateModified\":\"2021-07-26T13:41:53+00:00\",\"breadcrumb\":{\"@id\":\"https:\/\/pulizieuffici.biz\/index.php\/trattamento-pavimento-in-resina-o-pvc\/#breadcrumb\"},\"inLanguage\":\"it-IT\",\"potentialAction\":[{\"@type\":\"ReadAction\",\"target\":[\"https:\/\/pulizieuffici.biz\/index.php\/trattamento-pavimento-in-resina-o-pvc\/\"]}]},{\"@type\":\"BreadcrumbList\",\"@id\":\"https:\/\/pulizieuffici.biz\/index.php\/trattamento-pavimento-in-resina-o-pvc\/#breadcrumb\",\"itemListElement\":[{\"@type\":\"ListItem\",\"position\":1,\"name\":\"Home\",\"item\":\"https:\/\/pulizieuffici.biz\/\"},{\"@type\":\"ListItem\",\"position\":2,\"name\":\"TRATTAMENTO PAVIMENTO IN RESINA O PVC\"}]}]}<\/script>\n<!-- \/ Yoast SEO plugin. -->","yoast_head_json":{"title":"TRATTAMENTO PAVIMENTO IN RESINA O PVC &#8902; Pegaso S.R.L","robots":{"index":"index","follow":"follow","max-snippet":"max-snippet:-1","max-image-preview":"max-image-preview:large","max-video-preview":"max-video-preview:-1"},"canonical":"https:\/\/pulizieuffici.biz\/index.php\/trattamento-pavimento-in-resina-o-pvc\/","og_locale":"it_IT","og_type":"article","og_title":"TRATTAMENTO PAVIMENTO IN RESINA O PVC &#8902; Pegaso S.R.L","og_description":"Trattamento delle superfici sintetiche Quello che poche persone sanno, \u00e8 che alcuni materiali di cui sono composti i pavimenti dei nostri immobili sono rinnovabili; cosa vuol dire, che con la dovuta accortezza, gli strumenti adeguati, i prodotti idonei \u00e8 possibile riportare la superficie alle condizioni ottimali&nbsp;se non addirittura pari al nuovo. La nostra capacit\u00e0 \u00e8 [&hellip;]","og_url":"https:\/\/pulizieuffici.biz\/index.php\/trattamento-pavimento-in-resina-o-pvc\/","og_site_name":"Pegaso S.R.L","article_publisher":"https:\/\/www.facebook.com\/pegason.it","article_modified_time":"2021-07-26T13:41:53+00:00","og_image":[{"url":"https:\/\/pulizieuffici.biz\/img\/pegaso_linoleum1.jpg"}],"twitter_card":"summary_large_image","twitter_misc":{"Tempo di lettura stimato":"1 minuto"},"schema":{"@context":"https:\/\/schema.org","@graph":[{"@type":"Organization","@id":"https:\/\/pulizieuffici.biz\/#organization","name":"Pegaso srl","url":"https:\/\/pulizieuffici.biz\/","sameAs":["https:\/\/www.facebook.com\/pegason.it"],"logo":{"@type":"ImageObject","@id":"https:\/\/pulizieuffici.biz\/#logo","inLanguage":"it-IT","url":"https:\/\/pulizieuffici.biz\/wp-content\/uploads\/2021\/08\/logo3.png","contentUrl":"https:\/\/pulizieuffici.biz\/wp-content\/uploads\/2021\/08\/logo3.png","width":200,"height":200,"caption":"Pegaso srl"},"image":{"@id":"https:\/\/pulizieuffici.biz\/#logo"}},{"@type":"WebSite","@id":"https:\/\/pulizieuffici.biz\/#website","url":"https:\/\/pulizieuffici.biz\/","name":"Pegaso S.R.L","description":"Il mito del pulito!","publisher":{"@id":"https:\/\/pulizieuffici.biz\/#organization"},"potentialAction":[{"@type":"SearchAction","target":{"@type":"EntryPoint","urlTemplate":"https:\/\/pulizieuffici.biz\/?s={search_term_string}"},"query-input":"required name=search_term_string"}],"inLanguage":"it-IT"},{"@type":"ImageObject","@id":"https:\/\/pulizieuffici.biz\/index.php\/trattamento-pavimento-in-resina-o-pvc\/#primaryimage","inLanguage":"it-IT","url":"https:\/\/pulizieuffici.biz\/img\/pegaso_linoleum1.jpg","contentUrl":"https:\/\/pulizieuffici.biz\/img\/pegaso_linoleum1.jpg"},{"@type":"WebPage","@id":"https:\/\/pulizieuffici.biz\/index.php\/trattamento-pavimento-in-resina-o-pvc\/#webpage","url":"https:\/\/pulizieuffici.biz\/index.php\/trattamento-pavimento-in-resina-o-pvc\/","name":"TRATTAMENTO PAVIMENTO IN RESINA O PVC &#8902; Pegaso S.R.L","isPartOf":{"@id":"https:\/\/pulizieuffici.biz\/#website"},"primaryImageOfPage":{"@id":"https:\/\/pulizieuffici.biz\/index.php\/trattamento-pavimento-in-resina-o-pvc\/#primaryimage"},"datePublished":"2021-06-15T07:29:18+00:00","dateModified":"2021-07-26T13:41:53+00:00","breadcrumb":{"@id":"https:\/\/pulizieuffici.biz\/index.php\/trattamento-pavimento-in-resina-o-pvc\/#breadcrumb"},"inLanguage":"it-IT","potentialAction":[{"@type":"ReadAction","target":["https:\/\/pulizieuffici.biz\/index.php\/trattamento-pavimento-in-resina-o-pvc\/"]}]},{"@type":"BreadcrumbList","@id":"https:\/\/pulizieuffici.biz\/index.php\/trattamento-pavimento-in-resina-o-pvc\/#breadcrumb","itemListElement":[{"@type":"ListItem","position":1,"name":"Home","item":"https:\/\/pulizieuffici.biz\/"},{"@type":"ListItem","position":2,"name":"TRATTAMENTO PAVIMENTO IN RESINA O PVC"}]}]}},"_links":{"self":[{"href":"https:\/\/pulizieuffici.biz\/index.php\/wp-json\/wp\/v2\/pages\/84","targetHints":{"allow":["GET"]}}],"collection":[{"href":"https:\/\/pulizieuffici.biz\/index.php\/wp-json\/wp\/v2\/pages"}],"about":[{"href":"https:\/\/pulizieuffici.biz\/index.php\/wp-json\/wp\/v2\/types\/page"}],"author":[{"embeddable":true,"href":"https:\/\/pulizieuffici.biz\/index.php\/wp-json\/wp\/v2\/users\/1"}],"replies":[{"embeddable":true,"href":"https:\/\/pulizieuffici.biz\/index.php\/wp-json\/wp\/v2\/comments?post=84"}],"version-history":[{"count":7,"href":"https:\/\/pulizieuffici.biz\/index.php\/wp-json\/wp\/v2\/pages\/84\/revisions"}],"predecessor-version":[{"id":530,"href":"https:\/\/pulizieuffici.biz\/index.php\/wp-json\/wp\/v2\/pages\/84\/revisions\/530"}],"wp:attachment":[{"href":"https:\/\/pulizieuffici.biz\/index.php\/wp-json\/wp\/v2\/media?parent=84"}],"curies":[{"name":"wp","href":"https:\/\/api.w.org\/{rel}","templated":true}]}}